{"id":233,"date":"2015-04-27T11:45:33","date_gmt":"2015-04-27T09:45:33","guid":{"rendered":"http:\/\/caritaselblag.pl\/?page_id=233"},"modified":"2022-06-07T17:26:08","modified_gmt":"2022-06-07T15:26:08","slug":"statut-caritas-diecezji-elblaskiej","status":"publish","type":"page","link":"http:\/\/caritas.elblag.pl\/?page_id=233","title":{"rendered":"STATUT Caritas Diecezji Elbl\u0105skiej"},"content":{"rendered":"\n<p class=\"has-text-align-center\"><strong>STATUT CARITAS DIECEZJI ELBL\u0104SKIEJ<\/strong><\/p>\n\n\n\n<p>ROZDZIA\u0141 I<br \/>POSTANOWIENIA OG\u00d3LNE<\/p>\n\n\n\n<p>\u00a7 1<br \/>Caritas Diecezji Elbl\u0105skiej, zwana dalej Caritas, ustanowiona dekretem Biskupa Elbl\u0105skiego w dniu 26 pa\u017adziernika 1992 roku, jest duszpastersk\u0105 instytucj\u0105 charytatywn\u0105 Diecezji Elbl\u0105skiej.<br \/>\u00a7 2<br \/>Caritas s\u0142u\u017cy pomoc\u0105 Ko\u015bcio\u0142owi Elbl\u0105skiemu w wype\u0142nianiu pos\u0142annictwa chrze\u015bcija\u0144skiej dobroczynno\u015bci.<br \/>\u00a7 3<br \/>Caritas posiada osobowo\u015b\u0107 prawn\u0105 i dzia\u0142a w oparciu o przepisy prawa ko\u015bcielnego, odpowiednie przepisy prawa pa\u0144stwowego oraz postanowienia niniejszego Statutu.<br \/>\u00a7 4<br \/>1.&nbsp;&nbsp; &nbsp;Terenem dzia\u0142ania Caritas jest terytorium Rzeczypospolitej Polskiej, cho\u0107 zasadnicza dzia\u0142alno\u015b\u0107 Caritas b\u0119dzie odbywa\u0107 si\u0119 na obszarze Diecezji Elbl\u0105skiej.<br \/>2.&nbsp;&nbsp; &nbsp;Siedzib\u0105 Caritas jest miasto Elbl\u0105g.<\/p>\n\n\n\n<p>ROZDZIA\u0141 II<br \/>CELE I ZADANIA CARITAS<\/p>\n\n\n\n<p>\u00a7 5<br \/>Celem Caritas jest&nbsp; dzia\u0142alno\u015b\u0107 charytatywna i humanitarna dla zrealizowania potrzeb duchowych i materialnych cz\u0142owieka, wyp\u0142ywaj\u0105ca z ewangelicznego przykazania mi\u0142o\u015bci i maj\u0105ca na uwadze godno\u015b\u0107 ka\u017cdej osoby ludzkiej bez wzgl\u0119du na jej wyznanie, \u015bwiatopogl\u0105d, narodowo\u015b\u0107, ras\u0119 i przekonanie.<br \/>\u00a7 6<br \/>Do dziedzin dzia\u0142alno\u015bci Caritas \u2013 na miar\u0119 mo\u017cliwo\u015bci \u2013 nale\u017c\u0105:<br \/>1.&nbsp;&nbsp; &nbsp;krzewienie i o\u017cywianie mi\u0142o\u015bci mi\u0142osiernej oraz systematyczna i metodyczna formacja charytatywna;<br \/>2.&nbsp;&nbsp; &nbsp;analiza niekorzystnych zjawisk spo\u0142ecznych, zakresu ich wyst\u0119powania, wypracowywanie program\u00f3w zmierzaj\u0105cych do ich usuwania;<br \/>3.&nbsp;&nbsp; &nbsp;prowadzenie dzia\u0142alno\u015bci charytatywno-opieku\u0144czej, systematyzowanie jej form i podejmowanie dzia\u0142a\u0144 na rzecz szerokiego zakresu potrzebuj\u0105cych, a w szczeg\u00f3lno\u015bci: rodziny, dzieci, m\u0142odzie\u017cy, samotnych matek, niepe\u0142nosprawnych, chorych, senior\u00f3w, uzale\u017cnionych, bezdomnych, bezrobotnych, ofiar przemocy, wi\u0119\u017ani\u00f3w, migrant\u00f3w i uchod\u017ac\u00f3w, ofiar kl\u0119sk \u017cywio\u0142owych, epidemii i zbrojnych konflikt\u00f3w;<br \/>4.&nbsp;&nbsp; &nbsp;pomoc spo\u0142eczna;<br \/>5.&nbsp;&nbsp; &nbsp;podtrzymywanie tradycji narodowej, piel\u0119gnowanie polsko\u015bci oraz rozwoju \u015bwiadomo\u015bci narodowej, obywatelskiej i kulturowej;<br \/>6.&nbsp;&nbsp; &nbsp;dzia\u0142alno\u015b\u0107 na rzecz mniejszo\u015bci narodowych;<br \/>7.&nbsp;&nbsp; &nbsp;ochrona i promocja zdrowia;<br \/>8.&nbsp;&nbsp; &nbsp;dzia\u0142ania na rzecz os\u00f3b niepe\u0142nosprawnych;<br \/>9.&nbsp;&nbsp; &nbsp;promocja zatrudnienia i aktywizacja zawodowa os\u00f3b pozostaj\u0105cych bez pracy i zagro\u017conych zwolnieniem z pracy;<br \/>10.&nbsp;&nbsp; &nbsp;upowszechnianie i ochrona praw kobiet oraz dzia\u0142alno\u015b\u0107 na rzecz r\u00f3wnych praw kobiet i m\u0119\u017cczyzn;<br \/>11.&nbsp;&nbsp; &nbsp;dzia\u0142alno\u015b\u0107 wspomagaj\u0105ca rozw\u00f3j gospodarczy, w tym rozw\u00f3j przedsi\u0119biorczo\u015bci; (m.in. pomoc merytoryczna, finansowa, w tym udzielanie dotacji na zak\u0142adanie dzia\u0142alno\u015bci gospodarczej);<br \/>12.&nbsp;&nbsp; &nbsp;dzia\u0142alno\u015b\u0107 wspomagaj\u0105ca rozw\u00f3j wsp\u00f3lnot i spo\u0142eczno\u015bci lokalnych;<br \/>13.&nbsp;&nbsp; &nbsp;dzia\u0142alno\u015b\u0107 na rzecz rozwoju nauki, edukacji, o\u015bwiaty i wychowania;<br \/>14.&nbsp;&nbsp; &nbsp;krajoznawstwo oraz wypoczynek dzieci i m\u0142odzie\u017cy;<br \/>15.&nbsp;&nbsp; &nbsp;kultura, sztuka, ochrona d\u00f3br kultury i tradycji;<br \/>16.&nbsp;&nbsp; &nbsp;upowszechnianie kultury fizycznej i sportu;<br \/>17.&nbsp;&nbsp; &nbsp;dzia\u0142alno\u015b\u0107 na rzecz ekologii i ochrony zwierz\u0105t oraz ochrony dziedzictwa przyrodniczego;<br \/>18.&nbsp;&nbsp; &nbsp;przeciwdzia\u0142anie patologiom spo\u0142ecznym;<br \/>19.&nbsp;&nbsp; &nbsp;upowszechnianie i ochrony wolno\u015bci i praw cz\u0142owieka oraz swob\u00f3d obywatelskich, a tak\u017ce dzia\u0142ania wspomagaj\u0105ce rozw\u00f3j demokracji;<br \/>20.&nbsp;&nbsp; &nbsp;ratownictwo i ochrona ludno\u015bci;<br \/>21.&nbsp;&nbsp; &nbsp;pomoc ofiarom katastrof, kl\u0119sk \u017cywio\u0142owych, konflikt\u00f3w zbrojnych i wojen w kraju i za granic\u0105;<br \/>22.&nbsp;&nbsp; &nbsp;dzia\u0142ania na rzecz integracji europejskiej w oparciu o warto\u015bci chrze\u015bcija\u0144skie oraz rozwijanie kontakt\u00f3w i wsp\u00f3\u0142pracy mi\u0119dzy spo\u0142ecze\u0144stwami;<br \/>23.&nbsp;&nbsp; &nbsp;promocja i organizacja wolontariatu;<br \/>24.&nbsp;&nbsp; &nbsp;dzia\u0142alno\u015b\u0107 wspomagaj\u0105ca technicznie, szkoleniowo, informacyjnie lub finansowo pomioty prowadz\u0105ce dzia\u0142alno\u015b\u0107 w sferze po\u017cytku publicznego.<\/p>\n\n\n\n<p>\u00a7 7<br \/>Zadania te Caritas realizuje mi\u0119dzy innymi poprzez:<br \/>1.&nbsp;&nbsp; &nbsp;systematyczn\u0105 formacj\u0119 i kszta\u0142cenie pracownik\u00f3w i wolontariuszy;<br \/>2.&nbsp;&nbsp; &nbsp;spotkania i seminaria formacyjne, Tygodnie Mi\u0142osierdzia i inne formy krzewienia mi\u0142o\u015bci mi\u0142osiernej;<br \/>3.&nbsp;&nbsp; &nbsp;organizowanie i prowadzenie plac\u00f3wek charytatywno-opieku\u0144czych, o\u015bwiatowych, medycznych, poradnictwa, wydawniczych oraz innych w\u0142a\u015bciwych dla realizacji zada\u0144 Caritas;<br \/>4.&nbsp;&nbsp; &nbsp;grupy wolontariatu Caritas;<br \/>5.&nbsp;&nbsp; &nbsp;prowadzenie akcji promuj\u0105cych i finansuj\u0105cych dzia\u0142alno\u015b\u0107 charytatywn\u0105;<br \/>6.&nbsp;&nbsp; &nbsp;r\u00f3\u017cne formy wypoczynku dla dzieci i m\u0142odzie\u017cy, w szczeg\u00f3lno\u015bci: niepe\u0142nosprawnej, z rodzin ubogich, dysfunkcyjnych, wielodzietnych, dla dzieci i m\u0142odzie\u017cy polonijnej, dla os\u00f3b starszych;<br \/>7.&nbsp;&nbsp; &nbsp;inspiracja otoczenia do niesienia pomocy osobom potrzebuj\u0105cym;<br \/>8.&nbsp;&nbsp; &nbsp;modlitwa \u2013 jako duchowa forma wspierania nios\u0105cych pomoc oraz potrzebuj\u0105cych pomocy.<\/p>\n\n\n\n<p>\u00a7 8<br \/>Caritas wsp\u00f3\u0142pracuje:<br \/>1.&nbsp;&nbsp; &nbsp;z parafiami i innymi instytucjami ko\u015bcielnymi na terenie diecezji;<br \/>2.&nbsp;&nbsp; &nbsp;z Caritas Polska i Caritas diecezjalnymi w zakresie koordynacji dzia\u0142a\u0144 charytatywnych oraz w realizacji uchwa\u0142 podj\u0119tych wi\u0119kszo\u015bci\u0105 g\u0142os\u00f3w na zebraniach dyrektor\u00f3w Caritas diecezjalnych;<br \/>3.&nbsp;&nbsp; &nbsp;z organami administracji publicznej;<br \/>4.&nbsp;&nbsp; &nbsp;z organizacjami charytatywnymi innych wyzna\u0144 i religii oraz organizacjami \u015bwieckimi, przy zachowaniu w\u0142asnej to\u017csamo\u015bci;<br \/>5.&nbsp;&nbsp; &nbsp;innymi podmiotami krajowymi, zagranicznymi i mi\u0119dzynarodowymi w zakresie realizacji cel\u00f3w statutowych.<\/p>\n\n\n\n<p>ROZDZIA\u0141 III<br \/>STRUKTURA CARITAS<\/p>\n\n\n\n<p>\u00a7 9<br \/>Nadrz\u0119dn\u0105 w\u0142adz\u0105 Caritas jest Biskup Elbl\u0105ski, kt\u00f3ry:<br \/>1.&nbsp;&nbsp; &nbsp;powo\u0142uje Caritas do istnienia;<br \/>2.&nbsp;&nbsp; &nbsp;nadaje jej Statut;<br \/>3.&nbsp;&nbsp; &nbsp;dokonuje zmian w Statucie;<br \/>4.&nbsp;&nbsp; &nbsp;powo\u0142uje i odwo\u0142uje Dyrektora oraz Zast\u0119pc\u0119 Dyrektora<br \/>5.&nbsp;&nbsp; &nbsp;powo\u0142uje i odwo\u0142uje Komisj\u0119 Nadzorcz\u0105 Caritas;<br \/>6.&nbsp;&nbsp; &nbsp;powo\u0142uje i odwo\u0142uje Diecezjaln\u0105 Rad\u0119 Caritas;<br \/>7.&nbsp;&nbsp; &nbsp;przyjmuje roczne sprawozdanie Caritas;<br \/>8.&nbsp;&nbsp; &nbsp;rozwi\u0105zuje Caritas;<br \/>9.&nbsp;&nbsp; &nbsp;decyduje o przeznaczeniu maj\u0105tku Caritas w przypadku rozwi\u0105zania, z uwzgl\u0119dnieniem przepis\u00f3w odr\u0119bnych.<br \/>\u00a7 10<br \/>Zarz\u0105d Caritas tworz\u0105: Dyrektor, Zast\u0119pca Dyrektora i Sekretarz.<br \/>\u00a7 11<br \/>Dyrektor Caritas:<br \/>1.&nbsp;&nbsp; &nbsp;kieruje dzia\u0142alno\u015bci\u0105 Caritas;<br \/>2.&nbsp;&nbsp; &nbsp;reprezentuje jednoosobowo Caritas i wyst\u0119puje w jej imieniu zgodnie z przepisami prawa;<br \/>3.&nbsp;&nbsp; &nbsp;przedstawia Biskupowi Elbl\u0105skiemu kandydatury Zast\u0119pcy Dyrektora i Sekretarza, a po uzyskaniu zgody zatrudnia ich;<br \/>4.&nbsp;&nbsp; &nbsp;zatrudnia pracownik\u00f3w Caritas;<br \/>5.&nbsp;&nbsp; &nbsp;zwo\u0142uje posiedzenia Diecezjalnej Rady Caritas i przewodniczy im;<br \/>6.&nbsp;&nbsp; &nbsp;zatwierdza program dzia\u0142alno\u015bci i preliminarz bud\u017cetowy Caritas na rok nast\u0119pny oraz sprawozdanie z dzia\u0142alno\u015bci i stanu finans\u00f3w Caritas za rok ubieg\u0142y;<br \/>7.&nbsp;&nbsp; &nbsp;informuje Biskupa Elbl\u0105skiego o bie\u017c\u0105cej dzia\u0142alno\u015bci Caritas;<br \/>8.&nbsp;&nbsp; &nbsp;powo\u0142uje do \u017cycia terenowe jednostki organizacyjne i zatrudnia kierownik\u00f3w oraz pracownik\u00f3w;<br \/>9.&nbsp;&nbsp; &nbsp;wyra\u017ca zgod\u0119 na podj\u0119cie przez terenowe o\u015brodki charytatywne samodzielnej \u2013 zgodnej ze Statutem Caritas \u2013 dzia\u0142alno\u015bci gospodarczej i przyjmuje doroczne o niej sprawozdanie;<br \/>10.&nbsp;&nbsp; &nbsp;zarz\u0105dza funduszami Caritas w granicach okre\u015blonych niniejszym Statutem i bud\u017cetem<br \/>11.&nbsp;&nbsp; &nbsp;jest upowa\u017cniony do nabywania i zbywania w\u0142asno\u015bci, pod tytu\u0142em odp\u0142atnym i darmowym, nieruchomo\u015bci i ruchomo\u015bci oraz do zarz\u0105du mieniem, z prawem udzielania pe\u0142nomocnictw w tym zakresie.<br \/>12.&nbsp;&nbsp; &nbsp;mo\u017ce reprezentowa\u0107 Caritas \u2013 za zgod\u0105 Biskupa Elbl\u0105skiego \u2013 przy czynno\u015bciach przekraczaj\u0105cych zwyk\u0142y zarz\u0105d maj\u0105tkiem. Czynno\u015bciami przekraczaj\u0105cymi zwyk\u0142y zarz\u0105d maj\u0105tkiem s\u0105:<br \/>\u00a7&nbsp;&nbsp; &nbsp;bez wzgl\u0119du na warto\u015b\u0107 przedmiotu, czynno\u015bci zbycia i nabycia nieruchomo\u015bci oraz ustanowienie hipoteki;<br \/>\u00a7&nbsp;&nbsp; &nbsp;wszystkie inne czynno\u015bci, gdy warto\u015b\u0107 ich przedmiotu przekracza kwot\u0119 stanowi\u0105c\u0105 r\u00f3wnowarto\u015b\u0107 15.000,oo EURO;<br \/>\u00a7&nbsp;&nbsp; &nbsp;zaci\u0105gni\u0119cie kredytu i po\u017cyczki.<br \/>Na dokonanie wszystkich czynno\u015bci przekraczaj\u0105cych zwyk\u0142y zarz\u0105d maj\u0105tkiem wymagana jest, pod rygorem niewa\u017cno\u015bci, pisemna zgoda Biskupa Elbl\u0105skiego.<\/p>\n\n\n\n<p>\u00a7 12<br \/>Zast\u0119pca Dyrektora Caritas:<br \/>1.&nbsp;&nbsp; &nbsp;wspiera Dyrektora we wszystkich dzia\u0142aniach wynikaj\u0105cych z cel\u00f3w statutowych;<br \/>2.&nbsp;&nbsp; &nbsp;zast\u0119puje Dyrektora podczas nieobecno\u015bci we wszystkich sprawach dotycz\u0105cych bie\u017c\u0105cego kierowania dzia\u0142alno\u015bci\u0105 Caritas;<br \/>3.&nbsp;&nbsp; &nbsp;opracowuje sprawozdanie merytoryczne i finansowe Caritas za rok ubieg\u0142y oraz przygotowuje program dzia\u0142alno\u015bci i preliminarz bud\u017cetu na rok nast\u0119pny;<br \/>4.&nbsp;&nbsp; &nbsp;w razie wakatu na urz\u0119dzie Dyrektora, Zast\u0119pca Dyrektora pe\u0142ni jego obowi\u0105zki do czasu powo\u0142ania nowego Dyrektora i sk\u0142ada sprawozdanie na jego r\u0119ce;<br \/>5.&nbsp;&nbsp; &nbsp;szczeg\u00f3\u0142owy zakres obowi\u0105zk\u00f3w i uprawnie\u0144 Zast\u0119pcy Dyrektora okre\u015bla Dyrektor.<\/p>\n\n\n\n<p>\u00a7 13<br \/>Sekretarz:<br \/>1.&nbsp;&nbsp; &nbsp;przygotowuje i protoko\u0142uje zebrania Zarz\u0105du;<br \/>2.&nbsp;&nbsp; &nbsp;czuwa nad realizacj\u0105 wniosk\u00f3w podj\u0119tych przez Zarz\u0105d;<br \/>3.&nbsp;&nbsp; &nbsp;odpowiada za funkcjonowanie biura Caritas;<br \/>4.&nbsp;&nbsp; &nbsp;szczeg\u00f3\u0142owy zakres obowi\u0105zk\u00f3w i uprawnie\u0144 Sekretarza okre\u015bla Dyrektor.<\/p>\n\n\n\n<p>\u00a7 14<br \/>Komisja Nadzorcza Caritas:<br \/>1.&nbsp;&nbsp; &nbsp;Komisja Nadzorcza sk\u0142ada si\u0119 z trzech os\u00f3b, powo\u0142anych zgodnie z \u00a7 9 pkt. 5.<br \/>2.&nbsp;&nbsp; &nbsp;Kadencja Komisji Nadzorczej trwa trzy lata.<br \/>3.&nbsp;&nbsp; &nbsp;Komisja Nadzorcza wybiera ze swojego sk\u0142adu Przewodnicz\u0105cego.<br \/>4.&nbsp;&nbsp; &nbsp;Cz\u0142onkami Komisji Nadzorczej mog\u0105 by\u0107 osoby, kt\u00f3re nie by\u0142y skazane prawomocnym wyrokiem za przest\u0119pstwo z winy umy\u015blnej i nie s\u0105 cz\u0142onkami organu zarz\u0105dzaj\u0105cego ani nie pozostaj\u0105 z nimi w stosunku pokrewie\u0144stwa, powinowactwa lub podleg\u0142o\u015bci z tytu\u0142u zatrudnienia.<\/p>\n\n\n\n<p>\u00a7 15<br \/>1.&nbsp;&nbsp; &nbsp;Zadaniem Komisji Nadzorczej jest ocena dzia\u0142alno\u015bci finansowej oraz ca\u0142okszta\u0142tu stanu i dzia\u0142alno\u015bci Caritas i przedstawienie jej do aprobaty Biskupowi Elbl\u0105skiemu&nbsp; w pierwszym kwartale ka\u017cdego roku kalendarzowego, wraz z wnioskami z dokonanej kontroli.<br \/>2.&nbsp;&nbsp; &nbsp;Komisja Nadzorcza ma prawo wyst\u0105pienia do Dyrektora Caritas z wnioskiem o dokonanie audytu zewn\u0119trznego.<br \/>3.&nbsp;&nbsp; &nbsp;Komisja Nadzorcza akceptuje sprawozdanie merytoryczne i finansowe przygotowane przez Zast\u0119pc\u0119 Dyrektora Caritas.<\/p>\n\n\n\n<p>\u00a7 16<br \/>Diecezjalna Rada Caritas:<br \/>1.&nbsp;&nbsp; &nbsp;Powo\u0142uje i odwo\u0142uje j\u0105 Biskup Elbl\u0105ski.<br \/>2.&nbsp;&nbsp; &nbsp;Diecezjalna Rada sk\u0142ada si\u0119 z minimum trzech cz\u0142onk\u00f3w.<br \/>3.&nbsp;&nbsp; &nbsp;Kadencja Diecezjalnej Rady Caritas trwa trzy lata.<br \/>4.&nbsp;&nbsp; &nbsp;Diecezjalna Rada jest organem doradczym Dyrektora.<\/p>\n\n\n\n<p>\u00a7 17<br \/>1.&nbsp;&nbsp; &nbsp;Przewodnicz\u0105cym Rady jest Dyrektor Caritas.<br \/>2.&nbsp;&nbsp; &nbsp;Rada winna si\u0119 zbiera\u0107 przynajmniej dwa razy do roku.<\/p>\n\n\n\n<p>\u00a7 18<br \/>Szczeg\u00f3\u0142owe zasady pracy Diecezjalnej Rady Caritas okre\u015bla regulamin zatwierdzony przez Dyrektora.<br \/>\u00a7 19<br \/>Podstawowymi jednostkami organizacyjnymi s\u0105 w szczeg\u00f3lno\u015bci:<br \/>1.&nbsp;&nbsp; &nbsp;Parafialne Zespo\u0142y Caritas;<br \/>2.&nbsp;&nbsp; &nbsp;Szkolne i Akademickie Ko\u0142a Caritas;<br \/>3.&nbsp;&nbsp; &nbsp;Plac\u00f3wki Specjalistyczne;<br \/>4.&nbsp;&nbsp; &nbsp;Inne jednostki wspomagaj\u0105ce dzia\u0142alno\u015b\u0107 lub struktur\u0119 Caritas.<\/p>\n\n\n\n<p>\u00a7 20<br \/>1.&nbsp;&nbsp; &nbsp;Jednostki organizacyjne powo\u0142uje Dyrektor Caritas.<br \/>2.&nbsp;&nbsp; &nbsp;Statuty Parafialnych Zespo\u0142\u00f3w Caritas oraz Szkolnych i Akademickich K\u00f3\u0142 Caritas zatwierdza Biskup Elbl\u0105ski na wniosek Dyrektora Caritas.<\/p>\n\n\n\n<p>ROZDZIA\u0141 IV<br \/>\u015aRODKI MATERIALNE<\/p>\n\n\n\n<p>\u00a7 21<br \/>Caritas posiada w\u0142asne \u015brodki materialne pochodz\u0105ce:<br \/>1.&nbsp;&nbsp; &nbsp;z subwencji lub dotacji;<br \/>2.&nbsp;&nbsp; &nbsp;z darowizn, spadk\u00f3w, zapis\u00f3w, odpis\u00f3w podatkowych, itp. ;<br \/>3.&nbsp;&nbsp; &nbsp;z ofiar i zbi\u00f3rek pieni\u0119\u017cnych i w naturze;<br \/>4.&nbsp;&nbsp; &nbsp;z nieruchomo\u015bci i mienia ruchomego, stanowi\u0105cego jej w\u0142asno\u015b\u0107 oraz z obrotu tym maj\u0105tkiem;<br \/>5.&nbsp;&nbsp; &nbsp;z funduszy i udzia\u0142\u00f3w pochodz\u0105cych z fundacji, sp\u00f3\u0142ek, zak\u0142ad\u00f3w wytw\u00f3rczych, us\u0142ugowych itp. ;<br \/>6.&nbsp;&nbsp; &nbsp;innych \u017ar\u00f3de\u0142.<\/p>\n\n\n\n<p>\u00a7 22<br \/>W dysponowaniu \u015brodkami materialnymi Caritas wype\u0142nia wol\u0119 ofiarodawc\u00f3w, zgodnie z przepisem kan. 1267 \u00a7 3 oraz przestrzega przepis\u00f3w prawa kanonicznego, w szczeg\u00f3lno\u015bci kan. 1282, 1284 \u00a7 1 i 1290.<br \/>\u00a7 23<br \/>1.&nbsp;&nbsp; &nbsp;Zaci\u0105ganie zobowi\u0105za\u0144 maj\u0105tkowych, dysponowanie \u015brodkami finansowymi, zawieranie um\u00f3w maj\u0105tkowych wymaga podpisu Dyrektora, ze szczeg\u00f3lnym zachowaniem przepisu \u00a7 11 pkt. 11.<br \/>2.&nbsp;&nbsp; &nbsp;Dyrektor mo\u017ce upowa\u017cni\u0107 swojego Zast\u0119pc\u0119.<\/p>\n\n\n\n<p>\u00a7 24<br \/>Zakazuje si\u0119:<br \/>1.&nbsp;&nbsp; &nbsp;udzielania po\u017cyczek lub zabezpieczania zobowi\u0105za\u0144 maj\u0105tkiem Caritas w stosunku do cz\u0142onk\u00f3w organ\u00f3w lub pracownik\u00f3w oraz os\u00f3b, z kt\u00f3rymi pracownicy pozostaj\u0105 w zwi\u0105zku ma\u0142\u017ce\u0144skim albo w stosunku pokrewie\u0144stwa lub powinowactwa w linii prostej, pokrewie\u0144stwa lub powinowactwa w linii bocznej do drugiego stopnia albo s\u0105 zwi\u0105zani z tytu\u0142u przysposobienia, opieki lub kurateli, zwanych dalej &#8220;osobami bliskimi&#8221;;<br \/>2.&nbsp;&nbsp; &nbsp;przekazywania maj\u0105tku Caritas na rzecz cz\u0142onk\u00f3w organ\u00f3w lub pracownik\u00f3w oraz ich os\u00f3b bliskich, na zasadach innych ni\u017c w stosunku do os\u00f3b trzecich, w szczeg\u00f3lno\u015bci je\u017celi przekazanie to nast\u0119puje bezp\u0142atnie lub na preferencyjnych warunkach;<br \/>3.&nbsp;&nbsp; &nbsp;wykorzystywania maj\u0105tku Caritas na rzecz cz\u0142onk\u00f3w organ\u00f3w lub pracownik\u00f3w oraz ich os\u00f3b bliskich na zasadach innych ni\u017c w stosunku do os\u00f3b trzecich, chyba \u017ce to wykorzystanie bezpo\u015brednio wynika z celu statutowego;<br \/>4.&nbsp;&nbsp; &nbsp;zakupu na szczeg\u00f3lnych zasadach towar\u00f3w lub us\u0142ug od podmiot\u00f3w, w kt\u00f3rych uczestnicz\u0105 cz\u0142onkowie organ\u00f3w Caritas lub jej pracownicy oraz ich osoby bliskie.<\/p>\n\n\n\n<p>ROZDZIA\u0141 V<br \/>SYMBOLE I \u015aWI\u0118TA<\/p>\n\n\n\n<p>\u00a7 25<br \/>Caritas u\u017cywa symboli:<br \/>1.&nbsp;&nbsp; &nbsp;Znaku przedstawiaj\u0105cego r\u00f3wnoramienny krzy\u017c, uzupe\u0142niony falistymi promieniami wychodz\u0105cymi z ka\u017cdego wewn\u0119trznego k\u0105ta mi\u0119dzy ramionami krzy\u017ca oraz napisu CARITAS stylizowanego na kszta\u0142t serca, znajduj\u0105cego si\u0119 w centralnej cz\u0119\u015bci pola krzy\u017ca. Pod symbolem krzy\u017ca znajduje si\u0119, umieszczony centralnie napis CARITAS. Ca\u0142o\u015b\u0107 obramowana jest konturem z zaokr\u0105glonymi naro\u017cnikami. Wszystkie elementy znaku s\u0105 monochromatyczne.<br \/>2.&nbsp;&nbsp; &nbsp;Piecz\u0119ci pod\u0142u\u017cnej i okr\u0105g\u0142ej; piecz\u0119\u0107 pod\u0142u\u017cna zawiera: nazw\u0119 statutow\u0105, siedzib\u0119 i jej adres; piecz\u0119\u0107 okr\u0105g\u0142a zawiera: w \u015brodku \u2013 znak Caritas (okre\u015blony w poprzednim artykule) oraz napis w otoku: CARITAS DIECEZJI ELBL\u0104SKIEJ.<\/p>\n\n\n\n<p>\u00a7 26<br \/>1.&nbsp;&nbsp; &nbsp;\u015awi\u0119tem patronalnym Caritas jest II. Niedziela Wielkanocna, czyli Mi\u0142osierdzia Bo\u017cego.<br \/>2.&nbsp;&nbsp; &nbsp;Patronem Caritas jest \u015aw. Wojciech, Biskup M\u0119czennik, Patron Diecezji Elbl\u0105skiej.<\/p>\n\n\n\n<p>ROZDZIA\u0141 VI<br \/>PRZEPISY KO\u0143COWE<\/p>\n\n\n\n<p>\u00a7 27<\/p>\n\n\n\n<p>Niniejszy Statut wchodzi w \u017cycie w Uroczysto\u015b\u0107 \u015awi\u0119tego Stanis\u0142awa, Biskupa i M\u0119czennika, Patrona Polski, tj. 8 maja Roku Pa\u0144skiego 2006.<\/p>\n\n\n\n<p>========================================<\/p>\n\n\n\n<p>Elbl\u0105g, dnia 8 maja Roku Pa\u0144skiego 2006.<\/p>\n\n\n\n<p>L. dz. 86 \/ 2006.<\/p>\n\n\n\n<p>STATUT<br \/>CARITAS DIECEZJI ELBL\u0104SKIEJ<br \/>NINIEJSZYM ZATWIERDZAM<\/p>\n\n\n\n<p>KS. DR ZDZIS\u0141AW BIEG<br \/>KANCLERZ KURII<\/p>\n\n\n\n<p><br \/>JAN STYRNA BISKUP ELBL\u0104SKI<\/p>\n","protected":false},"excerpt":{"rendered":"STATUT CARITAS DIECEZJI ELBL\u0104SKIEJ ROZDZIA\u0141 IPOSTANOWIENIA OG\u00d3LNE \u00a7 1Caritas Diecezji Elbl\u0105skiej, zwana dalej Caritas, ustanowiona dekretem Biskupa Elbl\u0105skiego w dniu 26 pa\u017adziernika 1992 \n<a class=\"moretag\" href=\"http:\/\/caritas.elblag.pl\/?page_id=233\"> [...]<\/a>","protected":false},"author":1,"featured_media":0,"parent":16,"menu_order":0,"comment_status":"closed","ping_status":"closed","template":"","meta":{"_exactmetrics_skip_tracking":false,"_exactmetrics_sitenote_active":false,"_exactmetrics_sitenote_note":"","_exactmetrics_sitenote_category":0,"footnotes":""},"class_list":["post-233","page","type-page","status-publish","hentry"],"_links":{"self":[{"href":"http:\/\/caritas.elblag.pl\/index.php?rest_route=\/wp\/v2\/pages\/233","targetHints":{"allow":["GET"]}}],"collection":[{"href":"http:\/\/caritas.elblag.pl\/index.php?rest_route=\/wp\/v2\/pages"}],"about":[{"href":"http:\/\/caritas.elblag.pl\/index.php?rest_route=\/wp\/v2\/types\/page"}],"author":[{"embeddable":true,"href":"http:\/\/caritas.elblag.pl\/index.php?rest_route=\/wp\/v2\/users\/1"}],"replies":[{"embeddable":true,"href":"http:\/\/caritas.elblag.pl\/index.php?rest_route=%2Fwp%2Fv2%2Fcomments&post=233"}],"version-history":[{"count":2,"href":"http:\/\/caritas.elblag.pl\/index.php?rest_route=\/wp\/v2\/pages\/233\/revisions"}],"predecessor-version":[{"id":1576,"href":"http:\/\/caritas.elblag.pl\/index.php?rest_route=\/wp\/v2\/pages\/233\/revisions\/1576"}],"up":[{"embeddable":true,"href":"http:\/\/caritas.elblag.pl\/index.php?rest_route=\/wp\/v2\/pages\/16"}],"wp:attachment":[{"href":"http:\/\/caritas.elblag.pl\/index.php?rest_route=%2Fwp%2Fv2%2Fmedia&parent=233"}],"curies":[{"name":"wp","href":"https:\/\/api.w.org\/{rel}","templated":true}]}}