{"id":2402,"date":"2026-02-12T11:36:30","date_gmt":"2026-02-12T10:36:30","guid":{"rendered":"http:\/\/caritas.elblag.pl\/?page_id=2402"},"modified":"2026-02-12T11:39:39","modified_gmt":"2026-02-12T10:39:39","slug":"poradnia-rodzinna","status":"publish","type":"page","link":"http:\/\/caritas.elblag.pl\/?page_id=2402","title":{"rendered":"Poradnia Rodzinna"},"content":{"rendered":"\n<figure class=\"wp-block-image size-large\"><a href=\"http:\/\/caritas.elblag.pl\/wp-content\/uploads\/2022\/06\/P1070568-scaled.jpg\"><img loading=\"lazy\" decoding=\"async\" width=\"1024\" height=\"577\" src=\"http:\/\/caritas.elblag.pl\/wp-content\/uploads\/2022\/06\/P1070568-1024x577.jpg\" alt=\"\" class=\"wp-image-1606\" srcset=\"http:\/\/caritas.elblag.pl\/wp-content\/uploads\/2022\/06\/P1070568-1024x577.jpg 1024w, http:\/\/caritas.elblag.pl\/wp-content\/uploads\/2022\/06\/P1070568-300x169.jpg 300w, http:\/\/caritas.elblag.pl\/wp-content\/uploads\/2022\/06\/P1070568-768x433.jpg 768w, http:\/\/caritas.elblag.pl\/wp-content\/uploads\/2022\/06\/P1070568-1536x866.jpg 1536w, http:\/\/caritas.elblag.pl\/wp-content\/uploads\/2022\/06\/P1070568-2048x1154.jpg 2048w, http:\/\/caritas.elblag.pl\/wp-content\/uploads\/2022\/06\/P1070568-388x220.jpg 388w\" sizes=\"auto, (max-width: 1024px) 100vw, 1024px\" \/><\/a><\/figure>\n\n\n\n<p><strong>PORADNIA RODZINNA<\/strong><\/p>\n\n\n\n<p><strong>zapewnia wsparcie pedagogiczne, psychologiczne<br \/>osobom doros\u0142ym i rodzinom<\/strong><\/p>\n\n\n\n<p><strong>Pracuj\u0105 tu specjali\u015bci z zakresu:<\/strong><\/p>\n\n\n\n<ul class=\"wp-block-list\">\n<li>psychologii<\/li>\n\n\n\n<li>mediacji<\/li>\n\n\n\n<li>psychotraumatologii<\/li>\n\n\n\n<li>terapii uzale\u017cnie\u0144<\/li>\n\n\n\n<li>pedagogiki<\/li>\n\n\n\n<li>psychoterapii<\/li>\n\n\n\n<li>przeciwdzia\u0142ania przemocy w rodzinie<\/li>\n\n\n\n<li>konsultacji rodzinnych<\/li>\n<\/ul>\n\n\n\n<p>Poradnia dzia\u0142a na zasadzie kr\u00f3tkofalowego wsparcia, edukacji i udzielania porad oraz informacji.<\/p>\n\n\n\n<p><strong>Zadzwo\u0144 i um\u00f3w si\u0119 na spotkanie<\/strong><\/p>\n\n\n\n<p><strong>tel. 668 541&nbsp;102<\/strong><\/p>\n\n\n\n<p>od poniedzia\u0142ku do pi\u0105tku<\/p>\n\n\n\n<p>(stycze\u0144\u2013czerwiec, wrzesie\u0144\u2013grudzie\u0144)<\/p>\n\n\n\n<p>Poradnia czynna w ka\u017cd\u0105 \u015brod\u0119 w godz. 15.00\u201317.00<\/p>\n\n\n\n<p><strong>Caritas Diecezji Elbl\u0105skiej, ul. Zamkowa 17<\/strong><\/p>\n","protected":false},"excerpt":{"rendered":"PORADNIA RODZINNA zapewnia wsparcie pedagogiczne, psychologiczneosobom doros\u0142ym i rodzinom Pracuj\u0105 tu specjali\u015bci z zakresu: Poradnia dzia\u0142a na zasadzie kr\u00f3tkofalowego wsparcia, edukacji i udzielania \n<a class=\"moretag\" href=\"http:\/\/caritas.elblag.pl\/?page_id=2402\"> [...]<\/a>","protected":false},"author":1,"featured_media":0,"parent":0,"menu_order":0,"comment_status":"closed","ping_status":"closed","template":"","meta":{"_exactmetrics_skip_tracking":false,"_exactmetrics_sitenote_active":false,"_exactmetrics_sitenote_note":"","_exactmetrics_sitenote_category":0,"footnotes":""},"class_list":["post-2402","page","type-page","status-publish","hentry"],"_links":{"self":[{"href":"http:\/\/caritas.elblag.pl\/index.php?rest_route=\/wp\/v2\/pages\/2402","targetHints":{"allow":["GET"]}}],"collection":[{"href":"http:\/\/caritas.elblag.pl\/index.php?rest_route=\/wp\/v2\/pages"}],"about":[{"href":"http:\/\/caritas.elblag.pl\/index.php?rest_route=\/wp\/v2\/types\/page"}],"author":[{"embeddable":true,"href":"http:\/\/caritas.elblag.pl\/index.php?rest_route=\/wp\/v2\/users\/1"}],"replies":[{"embeddable":true,"href":"http:\/\/caritas.elblag.pl\/index.php?rest_route=%2Fwp%2Fv2%2Fcomments&post=2402"}],"version-history":[{"count":3,"href":"http:\/\/caritas.elblag.pl\/index.php?rest_route=\/wp\/v2\/pages\/2402\/revisions"}],"predecessor-version":[{"id":2409,"href":"http:\/\/caritas.elblag.pl\/index.php?rest_route=\/wp\/v2\/pages\/2402\/revisions\/2409"}],"wp:attachment":[{"href":"http:\/\/caritas.elblag.pl\/index.php?rest_route=%2Fwp%2Fv2%2Fmedia&parent=2402"}],"curies":[{"name":"wp","href":"https:\/\/api.w.org\/{rel}","templated":true}]}}