{"id":74,"date":"2015-04-02T16:03:02","date_gmt":"2015-04-02T14:03:02","guid":{"rendered":"http:\/\/caritaselblag.pl\/?page_id=74"},"modified":"2022-06-07T17:06:06","modified_gmt":"2022-06-07T15:06:06","slug":"pzc","status":"publish","type":"page","link":"http:\/\/caritas.elblag.pl\/?page_id=74","title":{"rendered":"PZC"},"content":{"rendered":"\n<p><strong>PARAFIALNE ZESPO\u0141Y CARITAS &#8211; PZC<\/strong><br \/>Powo\u0142ana w 1992 r. Caritas Diecezji Elbl\u0105skiej wpisuje si\u0119 w &#8220;map\u0119 mi\u0142o\u015b\u0107 mi\u0142osiernej&#8221; \u015bwiadczonej w ramach struktur polskiego Ko\u015bcio\u0142a. 08.05.2006 zostaje zatwierdzony nowy Statut Caritas Diecezji Elbl\u0105skiej oraz Statut Parafialnego Zespo\u0142u Caritas. Statut zach\u0119ca do wsp\u00f3\u0142pracy z administracj\u0105 publiczn\u0105. Mo\u017cna wi\u0119c stara\u0107 si\u0119 o dotacje, bra\u0107 udzia\u0142 w konkursach.<br \/>Liczba PZC w 2008 roku liczy\u0142a 67 zespo\u0142\u00f3w charytatywnych na 166 parafii.<\/p>\n\n\n\n<p><strong>Caritas Diecezji Elbl\u0105skiej<\/strong><br \/>82-300 Elbl\u0105g, ul. Zamkowa 17,<br \/>tel. (55) 232 66 09;<\/p>\n\n\n\n<p>koordynator\/wakat<\/p>\n","protected":false},"excerpt":{"rendered":"PARAFIALNE ZESPO\u0141Y CARITAS &#8211; PZCPowo\u0142ana w 1992 r. Caritas Diecezji Elbl\u0105skiej wpisuje si\u0119 w &#8220;map\u0119 mi\u0142o\u015b\u0107 mi\u0142osiernej&#8221; \u015bwiadczonej w ramach struktur polskiego Ko\u015bcio\u0142a. \n<a class=\"moretag\" href=\"http:\/\/caritas.elblag.pl\/?page_id=74\"> [...]<\/a>","protected":false},"author":1,"featured_media":0,"parent":16,"menu_order":0,"comment_status":"closed","ping_status":"closed","template":"","meta":{"_exactmetrics_skip_tracking":false,"_exactmetrics_sitenote_active":false,"_exactmetrics_sitenote_note":"","_exactmetrics_sitenote_category":0,"footnotes":""},"class_list":["post-74","page","type-page","status-publish","hentry"],"_links":{"self":[{"href":"http:\/\/caritas.elblag.pl\/index.php?rest_route=\/wp\/v2\/pages\/74","targetHints":{"allow":["GET"]}}],"collection":[{"href":"http:\/\/caritas.elblag.pl\/index.php?rest_route=\/wp\/v2\/pages"}],"about":[{"href":"http:\/\/caritas.elblag.pl\/index.php?rest_route=\/wp\/v2\/types\/page"}],"author":[{"embeddable":true,"href":"http:\/\/caritas.elblag.pl\/index.php?rest_route=\/wp\/v2\/users\/1"}],"replies":[{"embeddable":true,"href":"http:\/\/caritas.elblag.pl\/index.php?rest_route=%2Fwp%2Fv2%2Fcomments&post=74"}],"version-history":[{"count":8,"href":"http:\/\/caritas.elblag.pl\/index.php?rest_route=\/wp\/v2\/pages\/74\/revisions"}],"predecessor-version":[{"id":1569,"href":"http:\/\/caritas.elblag.pl\/index.php?rest_route=\/wp\/v2\/pages\/74\/revisions\/1569"}],"up":[{"embeddable":true,"href":"http:\/\/caritas.elblag.pl\/index.php?rest_route=\/wp\/v2\/pages\/16"}],"wp:attachment":[{"href":"http:\/\/caritas.elblag.pl\/index.php?rest_route=%2Fwp%2Fv2%2Fmedia&parent=74"}],"curies":[{"name":"wp","href":"https:\/\/api.w.org\/{rel}","templated":true}]}}

<p><strong>PARAFIALNE ZESPOŁY CARITAS &#8211; PZC</strong><br />Powołana w 1992 r. Caritas Diecezji Elbląskiej wpisuje się w &#8220;mapę miłość miłosiernej&#8221; świadczonej w ramach struktur polskiego Kościoła. 08.05.2006 zostaje zatwierdzony nowy Statut Caritas Diecezji Elbląskiej oraz Statut Parafialnego Zespołu Caritas. Statut zachęca do współpracy z administracją publiczną. Można więc starać się o dotacje, brać udział w konkursach.<br />Liczba PZC w 2008 roku liczyła 67 zespołów charytatywnych na 166 parafii.</p>



<p><strong>Caritas Diecezji Elbląskiej</strong><br />82-300 Elbląg, ul. Zamkowa 17,<br />tel. (55) 232 66 09;</p>



<p>koordynator/wakat</p>

PARAFIALNE ZESPOŁY CARITAS &#8211; PZCPowołana w 1992 r. Caritas Diecezji Elbląskiej wpisuje się w &#8220;mapę miłość miłosiernej&#8221; świadczonej w ramach struktur polskiego Kościoła. 
<a class="moretag" href="http://caritas.elblag.pl/?page_id=74"> [...]</a>
